*i - 4. Let o(m) = 8*f(m) + 3*q(m). Calculate o(5).
1
Let s(n) = -13 + 23 - n - 9. Give s(-6).
7
Let w(g) be the first derivative of -2*g**2 - 26*g + 3. Let a(b) = -b - 5. Let v(x) = -11*a(x) + 2*w(x). What is v(3)?
12
Let z be (-68)/(-18) - (-26)/117. Let j(f) = f + 1. Give j(z).
5
Let r(n) = 6*n**3 + 4 - 3*n - 7*n**3 + 6 + 2*n. Calculate r(0).
10
Let u(v) = 8*v + 1. Let t(j) = -23*j - 3. Let w(c) = 3*t(c) + 8*u(c). Determine w(1).
-6
Let g(v) = -v**3 + 6*v**2 + 6. Let j be g(6). Let i(w) = j*w - 2*w - 3*w. Suppose 0*r + 4*r = -12. Determine i(r).
-3
Let x(a) = -a**2 + 14*a - 7. Let g be x(13). Let b(c) = 4*c**3 - 5*c - 2*c**3 - 5 + g*c**2 - 3*c**3. Give b(5).
-5
Let a(x) = -3*x - 4*x**2 - 3*x + x**3 - 2 + 5*x. Suppose -4*j + 4 = -3*j. Give a(j).
-6
Let w(f) be the second derivative of -5*f**2/2 - 3*f. Let u(l) = -l - 4. Let i(x) = -2*u(x) + 3*w(x). Determine i(5).
3
Let c(d) = 2*d**3 - 2*d**2 - d - 2. Let p(l) = -l**3 + 2*l**2 + 1. Let g(k) = -2*c(k) - 3*p(k). Let w be 1/5 - 44/20. What is g(w)?
-3
Let q(u) = 3*u**3 - 4*u**2 + 14*u + 2. Let v = -5 - -2. Let m(l) = l**3 - l**2 + 5*l + 1. Let y(i) = v*q(i) + 8*m(i). Calculate y(3).
5
Let z be (-1 - 74/(-14)) + 38/(-133). Let k(s) = 6*s - 3. Calculate k(z).
21
Let s(v) be the third derivative of -2*v**6/15 + v**5/60 + v**4/24 + v**3/6 + 7*v**2. Give s(-1).
17
Suppose 2*i = 4*i + q + 6, q = 5*i + 15. Let c(m) = m - 1. Give c(i).
-4
Let r(z) be the first derivative of -z**5/30 - z**4/24 - z**3 + 7. Let m(y) be the third derivative of r(y). Calculate m(-1).
3
Let g be (1 + 0)/(6 + -7). Let a(j) = -j**3 - j**2 + 1. Let x(s) = 4*s**3 + 4*s**2 + 2*s - 4. Let o(r) = g*x(r) - 5*a(r). Give o(-2).
-1
Suppose 0 = -2*z + 2*z - 3*z. Let j(g) be the second derivative of -1/6*g**3 + z + 11/2*g**2 - 2*g. Give j(5).
6
Let f(h) = h**3 + h**2 - h - 1. Suppose -4*n + 7*i - 4*i = 10, 0 = i - 2. Let p be (0/(0 + n))/(-1). Determine f(p).
-1
Let h(o) = o - 16. Let z be h(13). Let n(d) = -2*d - 1. Determine n(z).
5
Let b(d) = -d. Let p(r) = r**2 + 11*r + 7. Let v(n) = -6*b(n) - p(n). Determine v(-5).
-7
Let i = 51 + -56. Let n = -8 - -12. Let a(s) = 0 - n - s**2 + 0*s - 7*s. Determine a(i).
6
Let c(k) = -k**3 - 7*k**2 + 9. Let q(p) = -p**3 - 6*p**2 + 9. Let a(i) = 5*c(i) - 6*q(i). Let d(b) = -b - 2. Let y be d(-2). Determine a(y).
-9
Suppose 3 = 4*r - 3*r. Let b(v) = -r + 2 + 2*v - 6. Calculate b(5).
3
Let k(z) = -2*z + z + 4*z**2 + 3 + 258*z**3 - 259*z**3. What is k(3)?
9
Let h be 1 + (2 - (2 + -3)). Let j(o) = o**2 - 3*o + 2. Determine j(h).
6
Suppose m - 6*m = 0. Let n(i) be the first derivative of -6 - 5*i - 1/2*i**2. Calculate n(m).
-5
Let t = 5 - 2. Let s(f) = 2*f**3 - 3*f**t - 4*f + 5*f**2 - 6*f**2 - 3. Suppose 0*v + 4*c = -v + 6, -4*c + 12 = -2*v. What is s(v)?
9
Let x(b) be the third derivative of b**6/120 - b**3/2 + 2*b**2. Determine x(0).
-3
Suppose -5*i + 2*i + 18 = u, -2*i + 8 = 0. Let d(n) = n**2 - 7*n + 5. Determine d(u).
-1
Let l(i) be the second derivative of -i**3/3 - i**2 + i. What is l(-5)?
8
Let g(f) = -f**2. Let t(v) = v**2 + 2*v - 3. Let b(o) = -3*g(o) - t(o). Give b(3).
15
Let g(m) = m + 3. Let s(n) = -4*n + 6. Let w(h) = -h + 2. Let c(l) = -2*s(l) + 7*w(l). Let p(b) = -3*c(b) + 2*g(b). Determine p(-3).
3
Let j(g) = -g + 0*g + 3 + g + g. Let k be (-1 - -1) + 3 + -8. What is j(k)?
-2
Let s(y) = -3*y - 12 + 13 + 2*y**2 + 5*y. Calculate s(-3).
13
Let s(j) = 2*j**3 + 6*j**2 - 10*j + 3. Let p(k) = -k**3 + k. Let i(q) = 3*p(q) + s(q). Suppose -11 = -2*o - 1. Calculate i(o).
-7
Let z(y) = -y**2 - 3*y + 1. Suppose 5*j - 45 = 4*u, -5*j = -3*u - 41 + 1. Suppose -l + 16 = -5*n - 2*l, -4*l + 36 = -j*n. Calculate z(n).
-3
Let w(s) = s + 9. Let r be 26/(-4) + 2/(-4). Let l be w(r). Suppose l*u = 7*u. Let x(v) = v - 6. Give x(u).
-6
Let v = -23 - -38. Let d = v + -9. Let s(p) = 3*p - 9. Give s(d).
9
Let w(f) = -f + 6. Let i(r) = -r + 6. Let d(v) = 6*i(v) - 7*w(v). Suppose -3*z - 2*a + a + 11 = 0, 2*z - 5*a = 30. Give d(z).
-1
Let w(t) = -t**2 + 6*t - 3. Suppose -3*y = 2*q - 36, -q + 9 = y - 2. Let r(v) = v**3 - 13*v**2 - 13*v - 8. Let u be r(y). Give w(u).
-3
Let m(f) = 7 + 14 - 13 + f. Let x(p) = -p**2 - 5*p. Let z be x(-5). What is m(z)?
8
Let u be -1 + ((-39)/1)/(-3). Suppose t = 4*t + u. Let m(d) = -d**2 - 4*d + 3. Calculate m(t).
3
Let r(z) be the third derivative of z**5/60 + z**4/6 + z**3/3 - 9*z**2. Determine r(-4).
2
Let v(y) = y + 6. Let m be v(-8). Let j(q) = -q**3 - q**2 + q. Let p(z) = -z**3 + 3*z**2 + z - 7. Let o(l) = m*j(l) + p(l). Give o(-5).
-2
Let m(t) = -t - 3. Let n be m(-4). Let z(r) = -18*r - 7. Let o(c) = -9*c - 3. Let v(x) = 7*o(x) - 3*z(x). What is v(n)?
-9
Let i = -2 + 8. Let g(y) = -y**2 + y - 11*y - y**3 - 2 + i*y + 5*y. Determine g(-3).
13
Let t(f) = -6*f**2 + f - 1. Let j(o) = o + 5. Let u be j(-4). Determine t(u).
-6
Let y(i) = -3*i**3 - 11*i**2 + 10*i. Let l(r) = 4*r**3 + 12*r**2 - 11*r + 1. Let d(q) = -4*l(q) - 5*y(q). What is d(6)?
-4
Let u(b) = -b**3 - 2*b**2 - 5*b + 4. Let z(t) = t**3 + t**2 + t - 1. Let h(p) = -u(p) - 3*z(p). Give h(1).
-2
Let p(n) = n**2 + 2*n - 3. Let i(a) = a - 1. Suppose 0 = 3*l - 2 - 1. Let g(r) = l*p(r) - i(r). Give g(0).
-2
Let a(j) = j**3 - 2*j**2 - j + 2. Let v = -6 - -11. Suppose 5 = v*c + 15. Let z(i) = i**3 + 4*i**2 + 3*i. Let h be z(c). What is a(h)?
0
Let u be 36/30*40/6. Suppose -3*t = -3*j + 12, 0 = -4*t - 4*j - 0*j + u. Let x(i) = -10*i**2 + 1. Calculate x(t).
-9
Let n be 3 + 0 + -6 + 10. Let s(v) = -v**3 + 6*v**2 + 8*v - 9. Give s(n).
-2
Let d be 31/3 - (-7)/(-21). Let k = d - 16. Let y(o) = o**3 + 7*o**2 + 5*o - 6. What is y(k)?
0
Suppose -2*x = 2*x - 16. Let n(b) = -4*b - 10. Let f(i) = -1 - i - 1 + 1. Let j(z) = 5*f(z) - n(z). Determine j(x).
1
Let n(a) = -a**2 - 7*a - 6. Suppose -2*t + 20 = -4*o - 4*t, -2*t + 25 = -5*o. Let u = o - 0. Determine n(u).
4
Let n be -1*1*(2 + -2). Let l(p) = 4 + 0 - 2*p + n. Calculate l(3).
-2
Let s = 19 - 22. Let w(i) = i**3 + 3*i**2 - 2*i. What is w(s)?
6
Let d(f) = f**2 + 5*f. Let h(n) = n**2 - n - 6. Let q be h(0). Determine d(q).
6
Let m(p) = p. Let o(a) = a**2 - 16*a + 6. Let j(w) = 5*m(w) + o(w). Determine j(9).
-12
Let n = -136 + 141. Let v(p) = p**3 - 4*p**2 - 6*p. Determine v(n).
-5
Let q(f) = f**3 - 5*f**2 - 6*f - 2. Suppose 4 = 2*n, -4*z + 7 = -2*n - 13. Calculate q(z).
-2
Let f = -32 + 27. Let c(o) = o**3 + 7*o**2 + 7*o. Calculate c(f).
15
Let u(o) = -o**2 + 4*o - 1. Let c = 2 + -2. Suppose 3*l = c, -4*x + 4*l + 15 = -1. Suppose t = x + 1. Determine u(t).
-6
Suppose -4*q + 4*m + 23 = -5*q, 2 = q - m. Let i(s) = -3*s**2 - 32*s - 4. Let u(x) = x**2 + 11*x + 1. Let v(g) = 3*i(g) + 8*u(g). What is v(q)?
11
Suppose 3*b + 0*z + 34 = 5*z, -z + 8 = -b. Let o(d) = d**2 + 2*d + 3. Determine o(b).
6
Let o(a) = 2*a - 12. Let i = 17 - 9. Calculate o(i).
4
Let a = 13 + -9. Suppose k - a*y = 7, 3*k + y + 0*y + 5 = 0. Let r(g) = -2*g + 1 + g**2 + 6*g + 6*g**3 - 3*g. Give r(k).
-5
Let h be (-9 + (-2)/(-2))/(-2). Suppose 7 = 3*w - 4*y, 2*y + 28 = 2*w + h*y. Let m be 15/w*(-2 + -1). Let a(n) = n. What is a(m)?
-5
Let l(x) = x**3 - 6*x**2 + 2*x - 8. Let m be (-2)/(-8) - 141/(-12). Let t(b) = b**2 - 12*b + 6. Let n be t(m). Determine l(n).
4
Let j be -7 - (-2)/3*-6*-1. Let o(t) = -1. Let d(s) = -s**3 - 5*s**2 - 4*s - 4. Let x(f) = -d(f) + 5*o(f). Give x(j).
5
Let p(s) be the second derivative of s**4/3 - 2*s. Suppose 2*a + 5 = 1. Let w = -3 - a. Determine p(w).
4
Let z(c) = c - 3. Suppose 10*s = 2*s - 64. Give z(s).
-11
Let a(h) = -h + 6. Let b(v) be the first derivative of v**3/3 + 7*v**2/2 - 4*v - 2. Let l be b(-8). Suppose -t + 7 = 3*r - 11, -3 = l*t - 3*r. Calculate a(t).
3
Let u = -1 - -4. Suppose -4*b - 5 = -1, 4*c + u*b = 25. Let l(k) = -3*k - 4*k + 3 - c + 8*k. What is l(5)?
1
Suppose 0 = 3*j - 3 - 0. Let h(s) be the first derivative of -3*s**2 + 1. Determine h(j).
-6
Let d(x) = x. Let z be (2 + 6 + -4)/(4/2). Determine d(z).
2
Suppose -3*t - 65 = -7*t - 5*d, -29 = -2*t + d. Let x = -10 + t. Let f(c) = c**2 - 6*c - 4. Calculate f(x).
-9
Let u(o) be the third derivative of o**6/120 - o**4/24 - 5*o**3/3 - o**2. Let i(c) = 12*c**3 - 2*c**2 + c + 2. Let j be i(-1). Let x = j - -13. Determine u(x).
-10
Let s = 64 + -69. Let c(t) = t**3 + 4*t**2 - 3*t - 2. What is c(s)?
-12
Let i(n) = -5*n - 2*n - 9*n + 11